{"id":16461,"date":"2021-01-20T17:18:09","date_gmt":"2021-01-20T15:18:09","guid":{"rendered":"https:\/\/granito-plokstes.lt\/?page_id=16461"},"modified":"2021-02-10T15:04:33","modified_gmt":"2021-02-10T13:04:33","slug":"shortcodes-2","status":"publish","type":"page","link":"https:\/\/granito-plokstes.lt\/?page_id=16461","title":{"rendered":"Granito suoliukai"},"content":{"rendered":"<div  class='avia-gallery  avia-gallery-1 avia_lazyload avia-gallery-animate avia_animate_when_visible  avia-builder-el-0  el_before_av_heading  avia-builder-el-first '  itemprop=\"image\" itemscope=\"itemscope\" itemtype=\"https:\/\/schema.org\/ImageObject\" ><div class='avia-gallery-thumb'> <a href='https:\/\/granito-plokstes.lt\/wp-content\/uploads\/2021\/01\/Olive-green-granitas-1030x667.jpg' data-rel='gallery-1' data-prev-img='https:\/\/granito-plokstes.lt\/wp-content\/uploads\/2021\/01\/Olive-green-granitas-495x400.jpg' class='first_thumb lightbox ' data-onclick='1' title='Olive-green-granitas'  itemprop=\"thumbnailUrl\"  ><img loading=\"lazy\" class=\"wp-image-16487 avia-img-lazy-loading-16487\"   src=\"https:\/\/granito-plokstes.lt\/wp-content\/uploads\/2021\/01\/Olive-green-granitas-845x684.jpg\" width=\"845\" height=\"684\"  title='Olive-green-granitas' alt='' srcset=\"https:\/\/granito-plokstes.lt\/wp-content\/uploads\/2021\/01\/Olive-green-granitas-845x684.jpg 845w, https:\/\/granito-plokstes.lt\/wp-content\/uploads\/2021\/01\/Olive-green-granitas-495x400.jpg 495w\" sizes=\"(max-width: 845px) 100vw, 845px\" \/><\/a> <a href='https:\/\/granito-plokstes.lt\/wp-content\/uploads\/2021\/01\/Plokstes-is-Aurora-granito-isklotos-raudonos-trinkeles-1.jpg' data-rel='gallery-1' data-prev-img='https:\/\/granito-plokstes.lt\/wp-content\/uploads\/2021\/01\/Plokstes-is-Aurora-granito-isklotos-raudonos-trinkeles-1-495x400.jpg' class='lightbox ' data-onclick='2' title='Plokstes-is-Aurora-granito-isklotos-raudonos-trinkeles (1)'  itemprop=\"thumbnailUrl\"  ><img loading=\"lazy\" class=\"wp-image-16488 avia-img-lazy-loading-16488\"   src=\"https:\/\/granito-plokstes.lt\/wp-content\/uploads\/2021\/01\/Plokstes-is-Aurora-granito-isklotos-raudonos-trinkeles-1.jpg\" width=\"672\" height=\"525\"  title='Plokstes-is-Aurora-granito-isklotos-raudonos-trinkeles (1)' alt='' srcset=\"https:\/\/granito-plokstes.lt\/wp-content\/uploads\/2021\/01\/Plokstes-is-Aurora-granito-isklotos-raudonos-trinkeles-1.jpg 672w, https:\/\/granito-plokstes.lt\/wp-content\/uploads\/2021\/01\/Plokstes-is-Aurora-granito-isklotos-raudonos-trinkeles-1-300x234.jpg 300w\" sizes=\"(max-width: 672px) 100vw, 672px\" \/><\/a> <a href='https:\/\/granito-plokstes.lt\/wp-content\/uploads\/2021\/01\/Siuoliukas-granito-ant-bortelio.jpg' data-rel='gallery-1' data-prev-img='https:\/\/granito-plokstes.lt\/wp-content\/uploads\/2021\/01\/Siuoliukas-granito-ant-bortelio-495x400.jpg' class='lightbox ' data-onclick='3' title='Siuoliukas-granito-ant-bortelio'  itemprop=\"thumbnailUrl\"  ><img loading=\"lazy\" class=\"wp-image-16489 avia-img-lazy-loading-16489\"   src=\"https:\/\/granito-plokstes.lt\/wp-content\/uploads\/2021\/01\/Siuoliukas-granito-ant-bortelio-845x670.jpg\" width=\"845\" height=\"670\"  title='Siuoliukas-granito-ant-bortelio' alt='' \/><\/a> <a href='https:\/\/granito-plokstes.lt\/wp-content\/uploads\/2021\/01\/Suoliuko-vaizdas-is-virsaus-1030x897.jpg' data-rel='gallery-1' data-prev-img='https:\/\/granito-plokstes.lt\/wp-content\/uploads\/2021\/01\/Suoliuko-vaizdas-is-virsaus-495x400.jpg' class='lightbox ' data-onclick='4' title='Suoliuko-vaizdas-is-virsaus'  itemprop=\"thumbnailUrl\"  ><img loading=\"lazy\" class=\"wp-image-16490 avia-img-lazy-loading-16490\"   src=\"https:\/\/granito-plokstes.lt\/wp-content\/uploads\/2021\/01\/Suoliuko-vaizdas-is-virsaus-845x684.jpg\" width=\"845\" height=\"684\"  title='Suoliuko-vaizdas-is-virsaus' alt='' srcset=\"https:\/\/granito-plokstes.lt\/wp-content\/uploads\/2021\/01\/Suoliuko-vaizdas-is-virsaus-845x684.jpg 845w, https:\/\/granito-plokstes.lt\/wp-content\/uploads\/2021\/01\/Suoliuko-vaizdas-is-virsaus-495x400.jpg 495w\" sizes=\"(max-width: 845px) 100vw, 845px\" \/><\/a><\/div><\/div>\n<div  style='padding-bottom:10px; ' class='av-special-heading av-special-heading-h3    avia-builder-el-1  el_after_av_gallery  el_before_av_textblock  '><h3 class='av-special-heading-tag '  itemprop=\"headline\"  >Pails\u0117ti prie kapo<\/h3><div class='special-heading-border'><div class='special-heading-inner-border' ><\/div><\/div><\/div>\n<section class=\"av_textblock_section \"  itemscope=\"itemscope\" itemtype=\"https:\/\/schema.org\/CreativeWork\" ><div class='avia_textblock  '   itemprop=\"text\" ><blockquote>\n<p><strong>Suoliukai.<\/strong> Granitiniai suoleliai \u2013 patogi ir subtili kapaviet\u0117s detal\u0117. Ji ypatingai naudinga, jei kap\u0105 lanko vyresniojo am\u017eiaus, i\u0161 toliau atkeliav\u0119 artimieji. Suoliukus taip pat geriausia derinti prie visos kompozicijos..<\/p>\n<\/blockquote>\n<\/div><\/section>\n<div  style='height:30px' class='hr hr-invisible   avia-builder-el-3  el_after_av_textblock  avia-builder-el-last '><span class='hr-inner ' ><span class='hr-inner-style'><\/span><\/span><\/div>\n","protected":false},"excerpt":{"rendered":"","protected":false},"author":2,"featured_media":0,"parent":821,"menu_order":0,"comment_status":"closed","ping_status":"closed","template":"","meta":[],"yoast_head":"<!-- This site is optimized with the Yoast SEO Premium plugin v15.7 - https:\/\/yoast.com\/wordpress\/plugins\/seo\/ -->\n<title>Granito suoliukai - Granito plok\u0161t\u0117s Suoliukai. Granitiniai suoleliai gamyba | \u0413\u0440\u0430\u043d\u0438\u0442\u043d\u044b\u0435 \u0441\u043a\u0430\u043c\u0435\u0439\u043a\u0438 \u0434\u043b\u044f \u043a\u043b\u0430\u0434\u0431\u0438\u0449\u0430<\/title>\n<meta name=\"description\" content=\"Suoliukai. Granitiniai suoleliai \u2013 patogi ir subtili kapaviet\u0117s detal\u0117. \u0421\u043a\u0430\u043c\u0435\u0439\u043a\u0438. \u0413\u0440\u0430\u043d\u0438\u0442\u043d\u044b\u0435 \u0441\u043a\u0430\u043c\u0435\u0439\u043a\u0438 - \u0443\u0434\u043e\u0431\u043d\u0430\u044f \u0438 \u043d\u0435\u0436\u043d\u0430\u044f \u0434\u0435\u0442\u0430\u043b\u044c \u043a\u043b\u0430\u0434\u0431\u0438\u0449\u0430.\" \/>\n<meta name=\"robots\" content=\"index, follow, max-snippet:-1, max-image-preview:large, max-video-preview:-1\" \/>\n<link rel=\"canonical\" href=\"https:\/\/granito-plokstes.lt\/?page_id=16461\" \/>\n<meta property=\"og:locale\" content=\"lt_LT\" \/>\n<meta property=\"og:type\" content=\"article\" \/>\n<meta property=\"og:title\" content=\"Granito suoliukai - Granito plok\u0161t\u0117s Suoliukai. Granitiniai suoleliai gamyba | \u0413\u0440\u0430\u043d\u0438\u0442\u043d\u044b\u0435 \u0441\u043a\u0430\u043c\u0435\u0439\u043a\u0438 \u0434\u043b\u044f \u043a\u043b\u0430\u0434\u0431\u0438\u0449\u0430\" \/>\n<meta property=\"og:description\" content=\"Suoliukai. Granitiniai suoleliai \u2013 patogi ir subtili kapaviet\u0117s detal\u0117. \u0421\u043a\u0430\u043c\u0435\u0439\u043a\u0438. \u0413\u0440\u0430\u043d\u0438\u0442\u043d\u044b\u0435 \u0441\u043a\u0430\u043c\u0435\u0439\u043a\u0438 - \u0443\u0434\u043e\u0431\u043d\u0430\u044f \u0438 \u043d\u0435\u0436\u043d\u0430\u044f \u0434\u0435\u0442\u0430\u043b\u044c \u043a\u043b\u0430\u0434\u0431\u0438\u0449\u0430.\" \/>\n<meta property=\"og:url\" content=\"https:\/\/granito-plokstes.lt\/?page_id=16461\" \/>\n<meta property=\"og:site_name\" content=\"Granito plok\u0161t\u0117s\" \/>\n<meta property=\"article:publisher\" content=\"https:\/\/www.facebook.com\/1paminklai\" \/>\n<meta property=\"article:modified_time\" content=\"2021-02-10T13:04:33+00:00\" \/>\n<meta name=\"twitter:card\" content=\"summary_large_image\" \/>\n<meta name=\"twitter:label1\" content=\"Est. reading time\">\n\t<meta name=\"twitter:data1\" content=\"1 minut\u0117\">\n<script type=\"application\/ld+json\" class=\"yoast-schema-graph\">{\"@context\":\"https:\/\/schema.org\",\"@graph\":[{\"@type\":\"Organization\",\"@id\":\"https:\/\/granito-plokstes.lt\/#organization\",\"name\":\"Granito plok\\u0161t\\u0117s, paminklai, plytel\\u0117s, skalda\",\"url\":\"https:\/\/granito-plokstes.lt\/\",\"sameAs\":[\"https:\/\/www.facebook.com\/1paminklai\"],\"logo\":{\"@type\":\"ImageObject\",\"@id\":\"https:\/\/granito-plokstes.lt\/#logo\",\"inLanguage\":\"lt-LT\",\"url\":\"https:\/\/granito-plokstes.lt\/wp-content\/uploads\/2021\/01\/granito_plokstes_logo2.png\",\"width\":350,\"height\":218,\"caption\":\"Granito plok\\u0161t\\u0117s, paminklai, plytel\\u0117s, skalda\"},\"image\":{\"@id\":\"https:\/\/granito-plokstes.lt\/#logo\"}},{\"@type\":\"WebSite\",\"@id\":\"https:\/\/granito-plokstes.lt\/#website\",\"url\":\"https:\/\/granito-plokstes.lt\/\",\"name\":\"Granito plok\\u0161t\\u0117s\",\"description\":\"Mes galime j\\u016bs\\u0173 vizija paversti realybe\",\"publisher\":{\"@id\":\"https:\/\/granito-plokstes.lt\/#organization\"},\"potentialAction\":[{\"@type\":\"SearchAction\",\"target\":\"https:\/\/granito-plokstes.lt\/?s={search_term_string}\",\"query-input\":\"required name=search_term_string\"}],\"inLanguage\":\"lt-LT\"},{\"@type\":\"WebPage\",\"@id\":\"https:\/\/granito-plokstes.lt\/?page_id=16461#webpage\",\"url\":\"https:\/\/granito-plokstes.lt\/?page_id=16461\",\"name\":\"Granito suoliukai - Granito plok\\u0161t\\u0117s Suoliukai. Granitiniai suoleliai gamyba | \\u0413\\u0440\\u0430\\u043d\\u0438\\u0442\\u043d\\u044b\\u0435 \\u0441\\u043a\\u0430\\u043c\\u0435\\u0439\\u043a\\u0438 \\u0434\\u043b\\u044f \\u043a\\u043b\\u0430\\u0434\\u0431\\u0438\\u0449\\u0430\",\"isPartOf\":{\"@id\":\"https:\/\/granito-plokstes.lt\/#website\"},\"datePublished\":\"2021-01-20T15:18:09+00:00\",\"dateModified\":\"2021-02-10T13:04:33+00:00\",\"description\":\"Suoliukai. Granitiniai suoleliai \\u2013 patogi ir subtili kapaviet\\u0117s detal\\u0117. \\u0421\\u043a\\u0430\\u043c\\u0435\\u0439\\u043a\\u0438. \\u0413\\u0440\\u0430\\u043d\\u0438\\u0442\\u043d\\u044b\\u0435 \\u0441\\u043a\\u0430\\u043c\\u0435\\u0439\\u043a\\u0438 - \\u0443\\u0434\\u043e\\u0431\\u043d\\u0430\\u044f \\u0438 \\u043d\\u0435\\u0436\\u043d\\u0430\\u044f \\u0434\\u0435\\u0442\\u0430\\u043b\\u044c \\u043a\\u043b\\u0430\\u0434\\u0431\\u0438\\u0449\\u0430.\",\"inLanguage\":\"lt-LT\",\"potentialAction\":[{\"@type\":\"ReadAction\",\"target\":[\"https:\/\/granito-plokstes.lt\/?page_id=16461\"]}]}]}<\/script>\n<!-- \/ Yoast SEO Premium plugin. -->","_links":{"self":[{"href":"https:\/\/granito-plokstes.lt\/index.php?rest_route=\/wp\/v2\/pages\/16461"}],"collection":[{"href":"https:\/\/granito-plokstes.lt\/index.php?rest_route=\/wp\/v2\/pages"}],"about":[{"href":"https:\/\/granito-plokstes.lt\/index.php?rest_route=\/wp\/v2\/types\/page"}],"author":[{"embeddable":true,"href":"https:\/\/granito-plokstes.lt\/index.php?rest_route=\/wp\/v2\/users\/2"}],"replies":[{"embeddable":true,"href":"https:\/\/granito-plokstes.lt\/index.php?rest_route=%2Fwp%2Fv2%2Fcomments&post=16461"}],"version-history":[{"count":12,"href":"https:\/\/granito-plokstes.lt\/index.php?rest_route=\/wp\/v2\/pages\/16461\/revisions"}],"predecessor-version":[{"id":16491,"href":"https:\/\/granito-plokstes.lt\/index.php?rest_route=\/wp\/v2\/pages\/16461\/revisions\/16491"}],"up":[{"embeddable":true,"href":"https:\/\/granito-plokstes.lt\/index.php?rest_route=\/wp\/v2\/pages\/821"}],"wp:attachment":[{"href":"https:\/\/granito-plokstes.lt\/index.php?rest_route=%2Fwp%2Fv2%2Fmedia&parent=16461"}],"curies":[{"name":"wp","href":"https:\/\/api.w.org\/{rel}","templated":true}]}}